 y be (-2)/(-3)*(-405)/r. What is the highest common divisor of 18 and y?
9
Let d(h) = -4*h - 6. Let f be d(-6). Suppose 292 = 4*g - 896. Let p = 441 - g. Calculate the greatest common factor of p and f.
18
Suppose -3*c - 5*c = -192. Let p = 188 + -128. Calculate the highest common factor of c and p.
12
Suppose -130 = -2*k - 2*k + 2*y, -71 = -2*k + 3*y. Let i = -130 + 107. Let j = i + k. Calculate the highest common factor of j and 56.
8
Suppose 0 = -h + 83 + 36. Let q = h + 42. Calculate the greatest common factor of 7 and q.
7
Suppose -16 = -q - 0*y + 5*y, -5*y - 15 = 0. Suppose -q = 3*w - 7. Suppose 469 = w*o + 29. What is the greatest common factor of o and 20?
20
Let w = 832 + -796. Suppose -i + 42 = 3*i + 3*r, -5*i = -5*r - 70. Calculate the highest common factor of i and w.
12
Let b = -7 + 61. Suppose 4*i = 0, 14 - b = -4*h - 4*i. Suppose -2*r = -4*r + h. What is the highest common factor of r and 55?
5
Let y be (-3 + 0)/(2/(-2)). Let s(w) = -7*w - 15. Let t be s(-3). Suppose t = -2*c, -8*d = -4*d + 5*c - 9. Calculate the highest common factor of d and y.
3
Suppose 5*q = -3*d + 2*q - 135, -5*q + 104 = -2*d. Let z be 16/(-6)*(d - 10). Suppose j - 6 = 13. Calculate the greatest common factor of j and z.
19
Let n(h) = 74*h - 194. Let z be n(5). Let v(t) = -22*t. Let y be v(-2). What is the highest common factor of z and y?
44
Let p = 1726 + -1606. Let n = -8 + 23. Calculate the highest common divisor of p and n.
15
Let z be (-9)/((-297)/897) - (-4)/(-22). What is the greatest common factor of z and 513?
27
Suppose -4*t + 561 = 5*x, 0 = -2*x - 2*x - 12. Let f(q) = 2*q**2 + 7*q + 3. Let n be f(-5). Calculate the highest common factor of t and n.
18
Let s be ((-47430)/(-48))/31 + 2/16. Calculate the highest common factor of s and 256.
32
Suppose -4*r - 2852 = -66*r. Calculate the highest common divisor of 69 and r.
23
Suppose 5*o - 5*c - 10 = 0, o - 3*c - 1 = 1. What is the greatest common factor of 22 and o?
2
Let i = 19 - -21. Suppose -8*g + 4*g = 4*p - 68, -2*p - 5*g = -34. Suppose l + 27 = -2*r + 7*r, 5*r - p = -4*l. What is the greatest common factor of i and r?
5
Let s be 1/(-3)*13*3 - -3. Let c be (-1046)/s - (-4)/10. Calculate the greatest common factor of c and 70.
35
Let t be ((-3)/(-2))/((-36)/(-384)). Let d be 4/(-14) + 1352/28. What is the greatest common factor of d and t?
16
Let l be ((-3)/1)/(36/(-60)). Suppose k - 5*g - l = 0, 2*k + 55 = -4*g + g. Let q be 5/k - (-17)/4. Calculate the highest common divisor of 40 and q.
4
Let w = -22 - -37. Suppose 3*g - g - 11 = -d, 0 = 2*d - 4*g - 38. What is the highest common divisor of w and d?
15
Let f = 994 + -841. What is the greatest common divisor of 18 and f?
9
Suppose -5*y + 3*y + 75 = v, -2*v = -y + 50. Let g(f) = -f**2 - 14*f + 6. Let n be g(-12). Calculate the highest common factor of y and n.
10
Let p be (10/(-2) + 6)/((-1)/(-143)). Suppose w = -4*w + 45. Let l = w + 4. Calculate the greatest common divisor of l and p.
13
Let y(m) = 19*m - 68. Let i be y(6). What is the greatest common factor of 322 and i?
46
Let k be ((-40375)/(-10))/(-25)*-10. Calculate the greatest common factor of k and 95.
95
Suppose 0 = 3*m - 0*m + 15, -3*z + 163 = m. Let x(y) = -y**3 + 10*y**2 + 3*y. Let h be x(5). Calculate the greatest common divisor of h and z.
28
Let t = -48 - 146. Let d = t - -298. Suppose 4*c + 3*p - 96 = 0, 4*c + 5*p = -0*c + d. Calculate the greatest common factor of 3 and c.
3
Suppose 4*m - 135 = 201. Calculate the greatest common factor of m and 21.
21
Let r = 1406 + -1287. Calculate the greatest common divisor of 91 and r.
7
Let r = 2186 - -234. What is the highest common divisor of 20 and r?
20
Suppose 5*f + 5*m - 290 = 0, -6*m + 10*m - 61 = -f. Calculate the highest common factor of 2793 and f.
57
Let y = 4 + -1. Suppose -y*n + 26 + 25 = 5*u, -32 = -4*u + 2*n. Calculate the highest common divisor of u and 72.
9
Suppose -h + 4*h + 12 = 0. Let d(q) = 3*q + 2. Let n be d(h). Let o = -5 - n. What is the highest common factor of o and 55?
5
Let a(m) = m + 8. Let d be a(2). Suppose -4*y - 3*s + 8*s = -85, -3*s - 3 = 0. What is the greatest common divisor of y and d?
10
Let m be -7 + (-6)/(22/5 + -5). Let x be (-4)/6*(-27)/6. Let l = x - -18. What is the highest common factor of l and m?
3
Let d be (-56)/70 - 994/(-5). Calculate the greatest common divisor of d and 18.
18
Suppose 0 = 20*x - 19*x + 4. Let w be x - -7 - (0 + 0). Calculate the highest common divisor of 1 and w.
1
Let t(r) = 405*r - 36. Let z be t(4). Calculate the greatest common divisor of 12 and z.
12
Let y(f) = f**2 + 131. Let m be y(0). Let g = m - 32. What is the highest common divisor of g and 33?
33
Suppose 12 = -19*q + 15*q. Let s = q + 22. Calculate the greatest common divisor of s and 76.
19
Let m = -25 + 25. Suppose m = d + i + 6 - 5, 0 = -2*d + 4*i + 28. Calculate the greatest common factor of d and 28.
4
Suppose 35*z = 12*z + 34592. What is the highest common divisor of 32 and z?
32
Let t(h) = 3*h + 3. Let i be t(3). Let g(c) = -7*c**2 + 13*c - 2. Let r be g(1). Calculate the highest common factor of r and i.
4
Let t(l) = 2*l**2 + 49*l + 54. Let r be t(-27). What is the highest common divisor of 108 and r?
27
Suppose -8*s + 7*s = -57. What is the greatest common divisor of 323 and s?
19
Let f(d) = d**3 + 10*d**2 - 6*d - 13. Let k be f(-11). Let x be ((-4)/16)/(1/k). Calculate the highest common factor of x and 17.
17
Let b be -7 - 6/(1 + 2). Let w(y) = 20 - 14 - 8*y - 14. Let k be w(b). Calculate the greatest common divisor of k and 16.
16
Suppose -4*q + 160 = 5*j - j, 2*j - 110 = 4*q. Calculate the greatest common factor of j and 36.
9
Suppose 0*t = 6*t - 156. Let n = 9 + -5. Suppose q + 4 = 0, -h + 5*q + 1190 = n*h. Calculate the greatest common factor of h and t.
26
Let p be ((-3)/(-6))/((-4)/344). Let f = p + 61. Calculate the highest common factor of f and 12.
6
Suppose 5*h - o = 79, 0 = 4*h - 5*o - 50 - 30. Let a be (-12)/(-8) - (-270)/4. Let u = 96 + a. Calculate the highest common factor of h and u.
15
Let a be ((-12)/7)/((-41)/2009). Calculate the highest common factor of a and 12.
12
Let v be (-2)/(-3)*1335/10. Let k = 139 - v. Calculate the highest common divisor of 10 and k.
10
Let f = 1109 - 1108. Suppose 2*d - 4*o = 2, -5*d - 3*o + 47 = o. What is the highest common divisor of f and d?
1
Suppose 107*x - 104*x = 480. What is the greatest common divisor of 20 and x?
20
Suppose -3*u + 8*u = 10. Suppose -1 + 5 = u*j. Let n = j - -12. Calculate the greatest common factor of n and 42.
14
Let k be 5/(-5)*(2 + -5). Calculate the greatest common factor of k and 15.
3
Let g(x) = x - 3. Let j be g(5). Let v(a) = -14*a**2 - 1178*a - 164. Let z be v(-84). What is the highest common divisor of z and j?
2
Let q be (-6)/(-39) - 854/(-26). Suppose -3*p - 28 = -5*t, -6 - 5 = -3*t - 4*p. Let i = 17 + t. Calculate the highest common factor of i and q.
11
Let b(q) = 6*q + 18. Let j be b(-2). Suppose 2*d - j - 16 = 0. Let g be (22/4)/(3/6). Calculate the highest common factor of g and d.
11
Suppose -850*q + 847*q = -228. Calculate the greatest common divisor of 38 and q.
38
Suppose 0 = 29*a - 35*a + 300. Calculate the greatest common divisor of a and 30.
10
Suppose 1264 = 3*d - 3*l + 19, -3*d - l = -1225. What is the highest common divisor of 10 and d?
10
Suppose -19*j = -22*j + 225. What is the highest common factor of j and 125?
25
Let f(g) = 9*g**3 - 2*g**2 + 2*g - 1. Let w(t) = -t**3 - 3*t**2 + 1. Let h be w(-3). Let y be f(h). What is the greatest common divisor of y and 2?
2
Suppose -4*l + 6*q - 11*q + 1108 = 0, -3*q = -7*l + 1986. What is the greatest common divisor of l and 24?
6
Let n(x) = x - 30. Let l be n(38). What is the highest common divisor of l and 560?
8
Let y be (6 - 2) + 4 + -1. Let x(v) = v**2 - 16. Let w be x(y). What is the highest common factor of w and 3?
3
Suppose 286 + 4004 = 39*w. What is the highest common factor of w and 286?
22
Let p = 4 - 0. Suppose -h + 3 = -n - p, 3*h + n = 17. Let w(c) = -14*c + 2. Let i be w(-2). Calculate the greatest common divisor of i and h.
6
Let w(d) be the first derivative of -d**4/4 - 2*d**3 + 3*d**2 + 8*d + 4. Let h be w(-7). Suppose -x - h = -2*x. What is the greatest common factor of x and 135?
15
Let y = 1267 + -1148. What is the highest commo